{"id":25,"date":"2023-10-25T19:36:56","date_gmt":"2023-10-25T17:36:56","guid":{"rendered":"https:\/\/hay-formation-conseil.fr\/?page_id=25"},"modified":"2023-10-25T19:38:24","modified_gmt":"2023-10-25T17:38:24","slug":"formations-et-references","status":"publish","type":"page","link":"https:\/\/hay-formation-conseil.fr\/index.php\/formations-et-references\/","title":{"rendered":"Formations et r\u00e9f\u00e9rences"},"content":{"rendered":"\n<h2 class=\"wp-block-heading\"><\/h2>\n\n\n\n<h4 class=\"wp-block-heading\">Formations<\/h4>\n\n\n\n<p><strong>DESS<\/strong>\u00a0\u00a0\u00a0\u00a0\u00a0\u00a0\u00a0\u00a0\u00a0\u00a0\u00a0\u00a0\u00a0 <strong>Psychologie-Sociale<\/strong><\/p>\n\n\n\n<p><strong>&nbsp;&nbsp;&nbsp;&nbsp;&nbsp;&nbsp;&nbsp;&nbsp;&nbsp;&nbsp;&nbsp;&nbsp;&nbsp;&nbsp;&nbsp;&nbsp;&nbsp;&nbsp;&nbsp;&nbsp;&nbsp;&nbsp;&nbsp; Universit\u00e9 Catholique de l\u2019Ouest, Angers. (1997)<\/strong><\/p>\n\n\n\n<p><strong>DUEPS\u00a0\u00a0\u00a0\u00a0\u00a0\u00a0\u00a0\u00a0\u00a0  Mention Education, Universit\u00e9 de Tours, (1994)<\/strong><\/p>\n\n\n\n<p><strong>BTS\u00a0\u00a0\u00a0\u00a0\u00a0\u00a0\u00a0\u00a0\u00a0\u00a0\u00a0\u00a0\u00a0\u00a0\u00a0 Agricole, CFTA La Fert\u00e9-Mac\u00e9 (61), (1987)<\/strong><\/p>\n\n\n\n<p><\/p>\n\n\n\n<h4 class=\"wp-block-heading\"><\/h4>\n\n\n\n<p>Quelques r\u00e9f\u00e9rences&nbsp;:<\/p>\n\n\n\n<ul class=\"wp-block-list\">\n<li>CNFPT Poitou-charentes et Pays de Loire, employ\u00e9s des collectivit\u00e9s territoriales, (cadres, aides soignants, auxiliaires, agents de terrain, policiers\u2026)<\/li>\n\n\n\n<li>RESOLIA, Rennes, public\u00a0: techniciens et administrateurs chambres d\u2019agriculture.<\/li>\n\n\n\n<li>UNIFAF, Paris, Dijon, Pays de Loire, la R\u00e9union, public\u00a0: employ\u00e9s du secteur social<\/li>\n\n\n\n<li>ISFEC Bretagne, \u00a0public : enseignants dans les \u00e9tablissements priv\u00e9s<\/li>\n\n\n\n<li>ARES, Paris, public\u00a0: enseignants dans les \u00e9tablissements priv\u00e9s<\/li>\n\n\n\n<li>MSA, Niort, public\u00a0: agriculteurs<\/li>\n\n\n\n<li>ITS-ARFOC, Tours, public\u00a0: \u00e9ducateurs institutions plus \u00e9ducateurs PJJ<\/li>\n\n\n\n<li>IFEAP, Angers, public : enseignants dans les lyc\u00e9es agricoles priv\u00e9s.<\/li>\n\n\n\n<li>DRTEFP, Poitiers, public : Responsables de service, Inspecteurs, Cadres<\/li>\n<\/ul>\n\n\n\n<p><\/p>\n\n\n\n<h3 class=\"wp-block-heading\"><\/h3>\n","protected":false},"excerpt":{"rendered":"<p>Formations DESS\u00a0\u00a0\u00a0\u00a0\u00a0\u00a0\u00a0\u00a0\u00a0\u00a0\u00a0\u00a0\u00a0 Psychologie-Sociale &nbsp;&nbsp;&nbsp;&nbsp;&nbsp;&nbsp;&nbsp;&nbsp;&nbsp;&nbsp;&nbsp;&nbsp;&nbsp;&nbsp;&nbsp;&nbsp;&nbsp;&nbsp;&nbsp;&nbsp;&nbsp;&nbsp;&nbsp; Universit\u00e9 Catholique de l\u2019Ouest, Angers. (1997) DUEPS\u00a0\u00a0\u00a0\u00a0\u00a0\u00a0\u00a0\u00a0\u00a0 Mention Education, Universit\u00e9 de Tours, (1994) BTS\u00a0\u00a0\u00a0\u00a0\u00a0\u00a0\u00a0\u00a0\u00a0\u00a0\u00a0\u00a0\u00a0\u00a0\u00a0 Agricole, CFTA La Fert\u00e9-Mac\u00e9 (61), (1987) Quelques r\u00e9f\u00e9rences&nbsp;:<\/p>\n","protected":false},"author":1,"featured_media":0,"parent":0,"menu_order":0,"comment_status":"closed","ping_status":"closed","template":"","meta":{"footnotes":""},"class_list":["post-25","page","type-page","status-publish","hentry"],"_links":{"self":[{"href":"https:\/\/hay-formation-conseil.fr\/index.php\/wp-json\/wp\/v2\/pages\/25","targetHints":{"allow":["GET"]}}],"collection":[{"href":"https:\/\/hay-formation-conseil.fr\/index.php\/wp-json\/wp\/v2\/pages"}],"about":[{"href":"https:\/\/hay-formation-conseil.fr\/index.php\/wp-json\/wp\/v2\/types\/page"}],"author":[{"embeddable":true,"href":"https:\/\/hay-formation-conseil.fr\/index.php\/wp-json\/wp\/v2\/users\/1"}],"replies":[{"embeddable":true,"href":"https:\/\/hay-formation-conseil.fr\/index.php\/wp-json\/wp\/v2\/comments?post=25"}],"version-history":[{"count":2,"href":"https:\/\/hay-formation-conseil.fr\/index.php\/wp-json\/wp\/v2\/pages\/25\/revisions"}],"predecessor-version":[{"id":28,"href":"https:\/\/hay-formation-conseil.fr\/index.php\/wp-json\/wp\/v2\/pages\/25\/revisions\/28"}],"wp:attachment":[{"href":"https:\/\/hay-formation-conseil.fr\/index.php\/wp-json\/wp\/v2\/media?parent=25"}],"curies":[{"name":"wp","href":"https:\/\/api.w.org\/{rel}","templated":true}]}}